 9. Is ((-5)/3 - 0)*w a composite number?
True
Suppose 4*o = 2 + 18, 0 = y - 5*o + 22. Suppose y*x + z - 18 - 44 = 0, 4*z - 38 = -2*x. Is x a composite number?
True
Suppose -2*t = 3*s + 14, -3*s - 2 = -t - 0. Let h(a) = -a**2 + 86*a - 1. Let c(v) = -17*v. Let i(q) = s*h(q) - 11*c(q). Is i(-13) composite?
True
Let z(x) = -x**2 + 4*x + 2. Let a be z(3). Suppose 3*m = -a*y + 3970, -4*y + 915 = 2*m - 2259. Is y composite?
True
Let m(o) = -31*o**2 + 10*o + 4. Let l(p) = -31*p**2 + 9*p + 3. Let w(y) = -7*l(y) + 6*m(y). Is w(2) composite?
True
Let c = 10 - 5. Suppose -5*b + c*l - 2*l = -82, 2*b = -5*l + 8. Is b composite?
True
Let y = 479 + 1622. Is y prime?
False
Suppose -4*z + 31 = 11. Suppose -5*p - s + 62 = -6, -74 = -z*p + 2*s. Is p composite?
True
Let t = -16 + 17. Is (-203*t)/(3 + -4) composite?
True
Let b = 23 + 19. Is b/(-4)*24/(-36) a prime number?
True
Suppose -w + 20 = w. Let m = w - 6. Suppose 0 = -m*c - c + 115. Is c a composite number?
False
Suppose 0 = -3*c + 5*p - 6*p + 997, 4*p + 1308 = 4*c. Is c prime?
True
Let d = 1411 + -577. Is 18/12*d/9 prime?
True
Let k = -5 + 7. Suppose k*y = 6*y - 16. Suppose -57 - 75 = -y*a. Is a prime?
False
Let z(d) = -3*d**2 + 9*d + 4. Let c be z(4). Let x(u) = 5 - 6 + 2*u**2 + u + 8. Is x(c) composite?
False
Let h(g) = 12*g + 3. Is h(4) a prime number?
False
Let o(k) = -133*k - 44. Is o(-7) a composite number?
False
Suppose -4*h = 4*g - 8, 0 = 4*h - 3*g - 3 - 12. Suppose -3*z - h*n + 879 = 0, -1796 = -5*z - 2*n - 343. Is z a composite number?
True
Let v(a) = 8*a**2 - 11*a + 8. Is v(-9) composite?
True
Is ((-4)/(-2))/(4/212) a composite number?
True
Is -335*(-4)/(6 + -2) a prime number?
False
Suppose 3*x = -2*p - 254, 0*p - 5*p = x + 63. Suppose -30*h = -32*h + 318. Let d = x + h. Is d prime?
True
Let a(t) = t**2 + 6*t - 6. Is a(-9) a prime number?
False
Suppose 0 = 7*o - 2*o - 530. Is o prime?
False
Suppose -5*b = 5*f + 5, -4*f - 5*b = 1 - 0. Let a be f + 1 - (-4 - -6). Is 1/a + (-152)/(-10) a composite number?
True
Let j = 34 - 0. Suppose -5*d - 2*i = -153, 4 = -d - i + j. Is d a composite number?
False
Suppose -2*l - 543 = 5*h, 5*l + 4*h = -0*h - 1400. Let v = -115 - l. Let n = v + -92. Is n composite?
True
Let s(g) = 2*g**3 - 3*g**2 + 4*g - 1. Let x be s(5). Is (28/(-8))/((-1)/x) a prime number?
False
Let v be 12/7*(-7)/(-2). Suppose 4*x - v = o + 6, -4*x + 20 = o. Suppose -o*m = m - 325. Is m a prime number?
False
Suppose -2*t - 2*r = -2164, 2*r - 3*r + 2169 = 2*t. Is t prime?
True
Let a(p) = p**2 + p - 19. Is a(25) composite?
False
Let a(r) = 5*r**2 + 16*r - 14. Let k be (-14 - -2) + 0 + -1. Is a(k) prime?
False
Let p be 72/(-27)*171/4. Is (1*3)/((-18)/p) prime?
True
Suppose -2*b = -5*y + 43, -3*b - 27 + 8 = -y. Suppose -y*s = -3*s - 8. Suppose s*r + 5 = 2*c + 51, 0 = 5*r + 2*c - 129. Is r a prime number?
False
Let y(p) = -p - 5. Let u be y(-7). Suppose 0 = -3*d + u*z + 137, 3*z - 41 = -2*d + 59. Is d a composite number?
False
Let n(w) = 4*w**3 - 1 + 10*w - 3*w**3 - 11*w. Let d(o) = -o**3 + 5*o**2 - 2*o - 1. Let y(k) = -d(k) - 2*n(k). Is y(-6) a prime number?
False
Suppose j = -v + 3833, -3*v + 20968 = 4*j + 5636. Is j composite?
False
Let l be -4 + (-2 - (2 + -4)). Let a(m) = 5*m**2 - 4*m + 2*m + 2 + 6*m + m**3. Is a(l) prime?
True
Let g = 120 + -206. Let h = g - -289. Is h a prime number?
False
Let k = -3 + 7. Let l be 15/2 + 2/k. Suppose 3*a = -l + 122. Is a a composite number?
True
Let l(m) = 21*m**2 + 7*m + 11. Is l(-7) a composite number?
False
Is ((-6)/(-5))/(4/70) a composite number?
True
Suppose 0 = 5*c - 0*c - 25. Suppose -h = 2*p - 23, -h - c*p = -0*h - 29. Is h prime?
True
Is (-1206)/(-4)*(-8)/(-12) prime?
False
Let g = -4 - -7. Let l be (-2)/(-1) + 6/g. Suppose 435 = l*f - f. Is f composite?
True
Let y(r) = -r**3 + 12*r**2 - 11*r - 6. Let z be y(8). Let h = -33 + z. Is h a prime number?
False
Suppose -4*s + 813 = 2*j - 9*s, -1666 = -4*j + 2*s. Is j a prime number?
True
Suppose -2*w - 4 = 0, -5*o = -w - 17 - 10. Let c(i) = 16*i + 6. Is c(o) composite?
True
Suppose 481 + 703 = 4*w + 3*s, 3*w + 2*s = 887. Is w a composite number?
False
Let w be 27/(-5) + (-10)/(-25). Let a(z) = z**2 + 6*z + 5. Let t be a(w). Suppose -68 = -5*b + 5*h + 272, t = 2*b + h - 139. Is b a composite number?
True
Let u(k) = -2*k - 9. Let b be u(-6). Suppose d = -0*d + b. Suppose -2*n + 57 = d*s, n = 4*s - 1 + 2. Is n a composite number?
True
Let m(f) = 118*f**2 - 3*f + 2. Is m(-3) a composite number?
True
Let l(k) = -3*k + 9*k + 4*k + 0 - 1. Is l(5) prime?
False
Suppose i = -0*i + 191. Is i a composite number?
False
Let c be 2/((-2)/20*-4). Suppose -c*y + 2*y + 741 = -3*z, 4*y - z = 988. Is y prime?
False
Let y(f) = 15*f**2 + 18*f - 23. Is y(7) prime?
False
Let t(l) = 1193*l**2 - 2*l - 2. Is t(-1) prime?
True
Suppose -4*c + f = -2*c - 5870, -3*f - 12 = 0. Is c composite?
True
Suppose -4*w = -4*z - 2444, 2*w - 1835 = -w + 2*z. Let s = 920 - w. Is s a prime number?
True
Suppose 66*h = 65*h + 877. Is h prime?
True
Let h = 1257 - 692. Is h composite?
True
Is (3 - 1)*(-7788)/(-24) a composite number?
True
Let n = -6 + 9. Suppose 18 - 1 = 2*i + n*h, i - 2 = 5*h. Is i a composite number?
False
Let k(q) = 47*q - 1. Let m be k(7). Suppose 0 = g - 78 + m. Let j = -135 - g. Is j composite?
True
Let t(u) = -3*u**3 - u**2. Let v be t(-1). Suppose -61 = -3*k + v*k. Let n = k - 36. Is n a composite number?
True
Let c(a) = -27*a**3 + 6*a**2 + 11*a - 1. Is c(-6) a prime number?
True
Let n(i) = i**3 + i**2 + 6*i - 3. Is n(5) prime?
False
Let p = 75 + 24. Suppose w + 381 = 5*w + 5*o, -2*o = w - p. Is w composite?
False
Is 818*(9/(-6) + 2) a prime number?
True
Suppose 4*t - 3*t = 0. Suppose 0*n + 5*n - 50 = t. Is n a prime number?
False
Let p(j) be the first derivative of -j**3/3 - 13*j**2/2 - j - 6. Is p(-8) composite?
True
Suppose 8 = 2*p - 0*p. Suppose p*t = 9*t - 3205. Is t a composite number?
False
Let t be (-10)/2*(-6)/(-10). Is t/(236/124 + -2) prime?
True
Let c = 115 - 50. Is c a prime number?
False
Suppose 2*g = -3*v + 762, -508 = -2*v - 0*g - 3*g. Is v composite?
True
Suppose 0*u + u = -78. Is (-4)/6*u/4 a composite number?
False
Let r be (-10)/(-3) - 2/6. Suppose -5*j = r*n - 53, 45 = j + 3*j + 5*n. Is j a composite number?
True
Let p(o) be the third derivative of -o**6/40 + o**5/60 - o**4/24 + 2*o**3/3 + 2*o**2. Is p(-3) composite?
False
Let f be 30 + (-1 - (3 + -2)). Suppose 8 = -4*n + f. Suppose -z + 14 = -n. Is z composite?
False
Let q(v) = 25*v**2 + 7*v - 1. Is q(-4) a composite number?
True
Let g be 1/2 - (-63)/(-6). Let p be (58 - -2)*(-4)/g. Suppose -38 - p = -2*h. Is h a prime number?
True
Let d(g) = 2*g + 1. Let x be d(1). Suppose -2*a - l + 164 = 0, -3*l - 150 = -x*a + 105. Is a a composite number?
False
Let q(o) = -o**3 + 2*o + 1. Let t be q(2). Let k be 6/4 + t/(-6). Suppose s - k*n + 4*n - 43 = 0, -n - 34 = -s. Is s a composite number?
False
Let n(k) = -191*k - 6. Let s be n(-4). Let c = s - 370. Suppose -y + 2*d = y - 156, -5*y = -3*d - c. Is y a composite number?
True
Let f = -2415 - -7036. Is f composite?
False
Suppose -t = 4*t - 14815. Is t a composite number?
False
Suppose 2 = 2*f + i - 4, -3*f + i + 4 = 0. Suppose -f*h = -0*k + 2*k - 82, -146 = -4*h + 2*k. Is h a prime number?
False
Suppose 0 = -n + 3 + 186. Suppose 5*v + 4*z - 430 = 0, -n + 10 = -2*v - 3*z. Is v a prime number?
False
Suppose 0 = -8*u + 11488 + 4296. Is u a composite number?
False
Suppose -46 = f - 209. Is f a prime number?
True
Suppose 2*m + h = 3*m - 14, 4*m - 56 = -5*h. Suppose 135 = -2*l + 5*l. Let j = l - m. Is j a composite number?
False
Suppose 2*n - 3*n + 182 = 0. Let y = n - 115. Is y composite?
False
Let x be -1*1/1 + 7. Suppose 0 = 2*y - x*y + 4. Is (-1)/(y/(-182)*2) prime?
False
Let t be -16 - -73 - 1*3. Let i = t + -20. Is i composite?
True
Suppose -2*g + 353 = 135. Is g a composite number?
False
Is 12036/5 + ((-279)/45 - -6) a prime number?
False
Suppose 0 = -5*c + 3*c + 56. Suppose k - c = 10. Is k prime?
False
Let u be 50/6 - 8/(-12). Let r be (0/2)/(8/(-4)). Is u - (-1 + r - -3) a prime number?
True
Is 143 + 1 - (3 - 0) a composite number?
True
Let f = 32 + 32. Suppose -4*p - 2*a + f = -9*p, 2*a = 4. Is p*(-1 + (-3)/12) composite?
True
Let k = 57 + -53. Let p be ((-149)/(-2))/(2/12). Suppose p = k*z - z. Is z a pri